{"id":717,"date":"2021-02-15T13:17:57","date_gmt":"2021-02-15T12:17:57","guid":{"rendered":"https:\/\/mrlewandowski.com\/?page_id=717"},"modified":"2021-02-18T08:48:27","modified_gmt":"2021-02-18T07:48:27","slug":"poznaj-nasz-zespol","status":"publish","type":"page","link":"https:\/\/mrlewandowski.com\/?page_id=717","title":{"rendered":"Poznaj nasz zesp\u00f3\u0142"},"content":{"rendered":"\t\t<div data-elementor-type=\"wp-page\" data-elementor-id=\"717\" class=\"elementor elementor-717\" data-elementor-post-type=\"page\">\n\t\t\t\t\t\t<section class=\"elementor-section elementor-top-section elementor-element elementor-element-13efd3fd elementor-section-content-middle elementor-section-boxed elementor-section-height-default elementor-section-height-default\" data-id=\"13efd3fd\" data-element_type=\"section\" data-settings=\"{&quot;_ha_eqh_enable&quot;:false}\">\n\t\t\t\t\t\t<div class=\"elementor-container elementor-column-gap-no\">\n\t\t\t\t\t<div class=\"elementor-column elementor-col-50 elementor-top-column elementor-element elementor-element-5ee11c4\" data-id=\"5ee11c4\" data-element_type=\"column\">\n\t\t\t<div class=\"elementor-widget-wrap elementor-element-populated\">\n\t\t\t\t\t\t<div class=\"elementor-element elementor-element-608fd972 elementor-widget elementor-widget-heading\" data-id=\"608fd972\" data-element_type=\"widget\" data-widget_type=\"heading.default\">\n\t\t\t\t<div class=\"elementor-widget-container\">\n\t\t\t<h3 class=\"elementor-heading-title elementor-size-default\">Poznaj nasz zesp\u00f3\u0142<\/h3>\t\t<\/div>\n\t\t\t\t<\/div>\n\t\t\t\t<div class=\"elementor-element elementor-element-68ffcb3a elementor-widget elementor-widget-text-editor\" data-id=\"68ffcb3a\" data-element_type=\"widget\" data-widget_type=\"text-editor.default\">\n\t\t\t\t<div class=\"elementor-widget-container\">\n\t\t\t\t\t\t\t<p><b class=\"\">Nasza kadra techniczna\u00a0<\/b>to wyspecjalizowani technicy i in\u017cynierowie.<\/p>\t\t\t\t\t\t<\/div>\n\t\t\t\t<\/div>\n\t\t\t\t\t<\/div>\n\t\t<\/div>\n\t\t\t\t<div class=\"elementor-column elementor-col-50 elementor-top-column elementor-element elementor-element-af20370\" data-id=\"af20370\" data-element_type=\"column\">\n\t\t\t<div class=\"elementor-widget-wrap elementor-element-populated\">\n\t\t\t\t\t\t<div class=\"elementor-element elementor-element-7955d75 elementor-widget elementor-widget-image\" data-id=\"7955d75\" data-element_type=\"widget\" data-widget_type=\"image.default\">\n\t\t\t\t<div class=\"elementor-widget-container\">\n\t\t\t\t\t\t\t\t\t\t\t\t\t<img fetchpriority=\"high\" decoding=\"async\" width=\"640\" height=\"480\" src=\"https:\/\/mrlewandowski.com\/wp-content\/uploads\/2021\/01\/P1350832.png?v=1614677971\" class=\"attachment-full size-full wp-image-17\" alt=\"\" srcset=\"https:\/\/mrlewandowski.com\/wp-content\/uploads\/2021\/01\/P1350832.png?v=1614677971 640w, https:\/\/mrlewandowski.com\/wp-content\/uploads\/2021\/01\/P1350832-300x225.png?v=1614677971 300w\" sizes=\"(max-width: 640px) 100vw, 640px\" \/>\t\t\t\t\t\t\t\t\t\t\t\t\t<\/div>\n\t\t\t\t<\/div>\n\t\t\t\t\t<\/div>\n\t\t<\/div>\n\t\t\t\t\t<\/div>\n\t\t<\/section>\n\t\t\t\t<section class=\"elementor-section elementor-top-section elementor-element elementor-element-5efee90 elementor-section-boxed elementor-section-height-default elementor-section-height-default\" data-id=\"5efee90\" data-element_type=\"section\" data-settings=\"{&quot;_ha_eqh_enable&quot;:false}\">\n\t\t\t\t\t\t<div class=\"elementor-container elementor-column-gap-default\">\n\t\t\t\t\t<div class=\"elementor-column elementor-col-100 elementor-top-column elementor-element elementor-element-e23b284\" data-id=\"e23b284\" data-element_type=\"column\">\n\t\t\t<div class=\"elementor-widget-wrap elementor-element-populated\">\n\t\t\t\t\t\t<section class=\"elementor-section elementor-inner-section elementor-element elementor-element-f9ef2e1 elementor-section-boxed elementor-section-height-default elementor-section-height-default\" data-id=\"f9ef2e1\" data-element_type=\"section\" data-settings=\"{&quot;_ha_eqh_enable&quot;:false}\">\n\t\t\t\t\t\t<div class=\"elementor-container elementor-column-gap-default\">\n\t\t\t\t\t<div class=\"elementor-column elementor-col-25 elementor-inner-column elementor-element elementor-element-558bced\" data-id=\"558bced\" data-element_type=\"column\">\n\t\t\t<div class=\"elementor-widget-wrap elementor-element-populated\">\n\t\t\t\t\t\t<div class=\"elementor-element elementor-element-084878b elementor-view-default elementor-widget elementor-widget-icon\" data-id=\"084878b\" data-element_type=\"widget\" data-widget_type=\"icon.default\">\n\t\t\t\t<div class=\"elementor-widget-container\">\n\t\t\t\t\t<div class=\"elementor-icon-wrapper\">\n\t\t\t<div class=\"elementor-icon\">\n\t\t\t<i aria-hidden=\"true\" class=\"far fa-star\"><\/i>\t\t\t<\/div>\n\t\t<\/div>\n\t\t\t\t<\/div>\n\t\t\t\t<\/div>\n\t\t\t\t<div class=\"elementor-element elementor-element-626dcaa elementor-widget elementor-widget-text-editor\" data-id=\"626dcaa\" data-element_type=\"widget\" data-widget_type=\"text-editor.default\">\n\t\t\t\t<div class=\"elementor-widget-container\">\n\t\t\t\t\t\t\t<p>GRUPA 1<\/p>\t\t\t\t\t\t<\/div>\n\t\t\t\t<\/div>\n\t\t\t\t<div class=\"elementor-element elementor-element-48966f3 elementor-widget elementor-widget-text-editor\" data-id=\"48966f3\" data-element_type=\"widget\" data-widget_type=\"text-editor.default\">\n\t\t\t\t<div class=\"elementor-widget-container\">\n\t\t\t\t\t\t\t<p class=\"\">Pierwsz\u0105 grup\u0119 stanowi\u0105 specjali\u015bci wykonuj\u0105cy zadania w zakresie wytwarzania cz\u0119\u015bci precyzyjnych na zaawansowanych maszynach jak centrum obr\u00f3bcze CNC Okuma oraz innych maszynach konwencjonalnych bardzo dok\u0142adnych.\u00a0<\/p><p class=\"\">Nasza standardowa dok\u0142adno\u015b\u0107 to 1 \u03bcm (0,001 mm).\u00a0<\/p>\t\t\t\t\t\t<\/div>\n\t\t\t\t<\/div>\n\t\t\t\t\t<\/div>\n\t\t<\/div>\n\t\t\t\t<div class=\"elementor-column elementor-col-25 elementor-inner-column elementor-element elementor-element-342abb5\" data-id=\"342abb5\" data-element_type=\"column\">\n\t\t\t<div class=\"elementor-widget-wrap elementor-element-populated\">\n\t\t\t\t\t\t<div class=\"elementor-element elementor-element-91dac5f elementor-view-default elementor-widget elementor-widget-icon\" data-id=\"91dac5f\" data-element_type=\"widget\" data-widget_type=\"icon.default\">\n\t\t\t\t<div class=\"elementor-widget-container\">\n\t\t\t\t\t<div class=\"elementor-icon-wrapper\">\n\t\t\t<div class=\"elementor-icon\">\n\t\t\t<i aria-hidden=\"true\" class=\"far fa-star\"><\/i>\t\t\t<\/div>\n\t\t<\/div>\n\t\t\t\t<\/div>\n\t\t\t\t<\/div>\n\t\t\t\t<div class=\"elementor-element elementor-element-0c72c15 elementor-widget elementor-widget-text-editor\" data-id=\"0c72c15\" data-element_type=\"widget\" data-widget_type=\"text-editor.default\">\n\t\t\t\t<div class=\"elementor-widget-container\">\n\t\t\t\t\t\t\t<p>GRUPA 2<\/p>\t\t\t\t\t\t<\/div>\n\t\t\t\t<\/div>\n\t\t\t\t<div class=\"elementor-element elementor-element-6619ec5 elementor-widget elementor-widget-text-editor\" data-id=\"6619ec5\" data-element_type=\"widget\" data-widget_type=\"text-editor.default\">\n\t\t\t\t<div class=\"elementor-widget-container\">\n\t\t\t\t\t\t\t<p class=\"\">Druga grupa to specjali\u015bci wykonuj\u0105cy prace typu finish oraz monta\u017c klimatyzowany aparatury paliwowej diesel i hydrauliki si\u0142owej z wykorzystaniem najnowszych technologii.<\/p>\t\t\t\t\t\t<\/div>\n\t\t\t\t<\/div>\n\t\t\t\t\t<\/div>\n\t\t<\/div>\n\t\t\t\t<div class=\"elementor-column elementor-col-25 elementor-inner-column elementor-element elementor-element-9e72503\" data-id=\"9e72503\" data-element_type=\"column\">\n\t\t\t<div class=\"elementor-widget-wrap elementor-element-populated\">\n\t\t\t\t\t\t<div class=\"elementor-element elementor-element-e36dfd8 elementor-view-default elementor-widget elementor-widget-icon\" data-id=\"e36dfd8\" data-element_type=\"widget\" data-widget_type=\"icon.default\">\n\t\t\t\t<div class=\"elementor-widget-container\">\n\t\t\t\t\t<div class=\"elementor-icon-wrapper\">\n\t\t\t<div class=\"elementor-icon\">\n\t\t\t<i aria-hidden=\"true\" class=\"far fa-star\"><\/i>\t\t\t<\/div>\n\t\t<\/div>\n\t\t\t\t<\/div>\n\t\t\t\t<\/div>\n\t\t\t\t<div class=\"elementor-element elementor-element-1178444 elementor-widget elementor-widget-text-editor\" data-id=\"1178444\" data-element_type=\"widget\" data-widget_type=\"text-editor.default\">\n\t\t\t\t<div class=\"elementor-widget-container\">\n\t\t\t\t\t\t\t<p>GRUPA 3<\/p>\t\t\t\t\t\t<\/div>\n\t\t\t\t<\/div>\n\t\t\t\t<div class=\"elementor-element elementor-element-c2fd06e elementor-widget elementor-widget-text-editor\" data-id=\"c2fd06e\" data-element_type=\"widget\" data-widget_type=\"text-editor.default\">\n\t\t\t\t<div class=\"elementor-widget-container\">\n\t\t\t\t\t\t\t<p>Trzecia grupa to fachowcy dokonuj\u0105cy monta\u017cy i test\u00f3w kontrolno pomiarowych podzespo\u0142\u00f3w na specjalnych stanowiskach badawczo diagnostycznych.<\/p><div class=\"\">\u00a0<\/div>\t\t\t\t\t\t<\/div>\n\t\t\t\t<\/div>\n\t\t\t\t\t<\/div>\n\t\t<\/div>\n\t\t\t\t<div class=\"elementor-column elementor-col-25 elementor-inner-column elementor-element elementor-element-41ab64c\" data-id=\"41ab64c\" data-element_type=\"column\">\n\t\t\t<div class=\"elementor-widget-wrap elementor-element-populated\">\n\t\t\t\t\t\t<div class=\"elementor-element elementor-element-97b1cb5 elementor-view-default elementor-widget elementor-widget-icon\" data-id=\"97b1cb5\" data-element_type=\"widget\" data-widget_type=\"icon.default\">\n\t\t\t\t<div class=\"elementor-widget-container\">\n\t\t\t\t\t<div class=\"elementor-icon-wrapper\">\n\t\t\t<div class=\"elementor-icon\">\n\t\t\t<i aria-hidden=\"true\" class=\"far fa-star\"><\/i>\t\t\t<\/div>\n\t\t<\/div>\n\t\t\t\t<\/div>\n\t\t\t\t<\/div>\n\t\t\t\t<div class=\"elementor-element elementor-element-2cad880 elementor-widget elementor-widget-text-editor\" data-id=\"2cad880\" data-element_type=\"widget\" data-widget_type=\"text-editor.default\">\n\t\t\t\t<div class=\"elementor-widget-container\">\n\t\t\t\t\t\t\t<p>GRUPA 4<\/p>\t\t\t\t\t\t<\/div>\n\t\t\t\t<\/div>\n\t\t\t\t<div class=\"elementor-element elementor-element-f15cc96 elementor-widget elementor-widget-text-editor\" data-id=\"f15cc96\" data-element_type=\"widget\" data-widget_type=\"text-editor.default\">\n\t\t\t\t<div class=\"elementor-widget-container\">\n\t\t\t\t\t\t\t<p><span style=\"font-family: var( --e-global-typography-text-font-family ), Sans-serif;\">Czwarta grupa to wyspecjalizowani pracownicy biura obs\u0142uguj\u0105cy klient\u00f3w z terenu kraju i z zagranicy.<\/span><\/p>\t\t\t\t\t\t<\/div>\n\t\t\t\t<\/div>\n\t\t\t\t\t<\/div>\n\t\t<\/div>\n\t\t\t\t\t<\/div>\n\t\t<\/section>\n\t\t\t\t\t<\/div>\n\t\t<\/div>\n\t\t\t\t\t<\/div>\n\t\t<\/section>\n\t\t\t\t<section class=\"elementor-section elementor-top-section elementor-element elementor-element-7acf4ee elementor-section-boxed elementor-section-height-default elementor-section-height-default\" data-id=\"7acf4ee\" data-element_type=\"section\" data-settings=\"{&quot;_ha_eqh_enable&quot;:false}\">\n\t\t\t\t\t\t<div class=\"elementor-container elementor-column-gap-default\">\n\t\t\t\t\t<div class=\"elementor-column elementor-col-100 elementor-top-column elementor-element elementor-element-de04605\" data-id=\"de04605\" data-element_type=\"column\">\n\t\t\t<div class=\"elementor-widget-wrap elementor-element-populated\">\n\t\t\t\t\t\t<section class=\"elementor-section elementor-inner-section elementor-element elementor-element-c82626b elementor-section-boxed elementor-section-height-default elementor-section-height-default\" data-id=\"c82626b\" data-element_type=\"section\" data-settings=\"{&quot;_ha_eqh_enable&quot;:false}\">\n\t\t\t\t\t\t<div class=\"elementor-container elementor-column-gap-default\">\n\t\t\t\t\t<div class=\"elementor-column elementor-col-100 elementor-inner-column elementor-element elementor-element-8becb72\" data-id=\"8becb72\" data-element_type=\"column\">\n\t\t\t<div class=\"elementor-widget-wrap elementor-element-populated\">\n\t\t\t\t\t\t<div class=\"elementor-element elementor-element-88f0361 elementor-widget elementor-widget-text-editor\" data-id=\"88f0361\" data-element_type=\"widget\" data-widget_type=\"text-editor.default\">\n\t\t\t\t<div class=\"elementor-widget-container\">\n\t\t\t\t\t\t\t<p>WSP\u00d3\u0141PRACA<\/p>\t\t\t\t\t\t<\/div>\n\t\t\t\t<\/div>\n\t\t\t\t<div class=\"elementor-element elementor-element-0a1bc0c elementor-widget elementor-widget-text-editor\" data-id=\"0a1bc0c\" data-element_type=\"widget\" data-widget_type=\"text-editor.default\">\n\t\t\t\t<div class=\"elementor-widget-container\">\n\t\t\t\t\t\t\t<p class=\"\">Zawi\u0105zali\u015bmy sta\u0142e wsp\u00f3\u0142prace z firmami zewn\u0119trznymi, kt\u00f3re stanowi\u0105 sprawdzeni dostawcy surowc\u00f3w, kooperanci, wiod\u0105ce firmy \u015bwiatowe dostarczaj\u0105ce nap\u0119dy nowej generacji w systemach zmienno-napi\u0119ciowych zapewniaj\u0105ce najwi\u0119ksz\u0105 sprawno\u015b\u0107 energetyczn\u0105, a tak\u017ce producenci urz\u0105dze\u0144 do dok\u0142adnego pomiaru przep\u0142ywu.\u00a0<\/p><div class=\"\">Dzi\u0119ki temu mo\u017cemy dzia\u0142a\u0107 w kilku segmentach biznesu takich jak: automatyka przemys\u0142owa, kontrola procesu, rozwi\u0105zania testowo-pomiarowe i system\u00f3w nawigacji zdalnej, wytworzenie cz\u0119\u015bci precyzyjnych o podwy\u017cszonej \u017cywotno\u015bci w stosunku do produkcji masowej wielkoseryjnej.\u00a0<\/div>\t\t\t\t\t\t<\/div>\n\t\t\t\t<\/div>\n\t\t\t\t\t<\/div>\n\t\t<\/div>\n\t\t\t\t\t<\/div>\n\t\t<\/section>\n\t\t\t\t\t<\/div>\n\t\t<\/div>\n\t\t\t\t\t<\/div>\n\t\t<\/section>\n\t\t\t\t<\/div>\n\t\t","protected":false},"excerpt":{"rendered":"<p>Poznaj nasz zesp\u00f3\u0142 Nasza kadra techniczna\u00a0to wyspecjalizowani technicy i in\u017cynierowie. GRUPA 1 Pierwsz\u0105 grup\u0119 stanowi\u0105 specjali\u015bci wykonuj\u0105cy zadania w zakresie wytwarzania cz\u0119\u015bci precyzyjnych na zaawansowanych maszynach jak centrum obr\u00f3bcze CNC Okuma oraz innych maszynach konwencjonalnych bardzo dok\u0142adnych.\u00a0 Nasza standardowa dok\u0142adno\u015b\u0107 to 1 \u03bcm (0,001 mm).\u00a0 GRUPA 2 Druga grupa to specjali\u015bci wykonuj\u0105cy prace typu finish [&hellip;]<\/p>\n","protected":false},"author":1,"featured_media":0,"parent":0,"menu_order":0,"comment_status":"closed","ping_status":"closed","template":"elementor_header_footer","meta":{"footnotes":""},"class_list":["post-717","page","type-page","status-publish","hentry"],"aioseo_notices":[],"acf":[],"_links":{"self":[{"href":"https:\/\/mrlewandowski.com\/index.php?rest_route=\/wp\/v2\/pages\/717"}],"collection":[{"href":"https:\/\/mrlewandowski.com\/index.php?rest_route=\/wp\/v2\/pages"}],"about":[{"href":"https:\/\/mrlewandowski.com\/index.php?rest_route=\/wp\/v2\/types\/page"}],"author":[{"embeddable":true,"href":"https:\/\/mrlewandowski.com\/index.php?rest_route=\/wp\/v2\/users\/1"}],"replies":[{"embeddable":true,"href":"https:\/\/mrlewandowski.com\/index.php?rest_route=%2Fwp%2Fv2%2Fcomments&post=717"}],"version-history":[{"count":0,"href":"https:\/\/mrlewandowski.com\/index.php?rest_route=\/wp\/v2\/pages\/717\/revisions"}],"wp:attachment":[{"href":"https:\/\/mrlewandowski.com\/index.php?rest_route=%2Fwp%2Fv2%2Fmedia&parent=717"}],"curies":[{"name":"wp","href":"https:\/\/api.w.org\/{rel}","templated":true}]}}